{"version":"1.0","provider_name":"Centre for Baltic and Scandinavian Archaeology (ZBSA)","provider_url":"https:\/\/zbsa.eu\/en","author_name":"Matthias Bolte","author_url":"https:\/\/zbsa.eu\/en\/author\/matthias-bolte\/","title":"Bear and human: facets of a multi-layered relationship (B\u00e4r und Mensch) - Zentrum f\u00fcr Baltische und Skandinavische Arch\u00e4ologie (ZBSA) \u2014 Zentrum f\u00fcr Baltische und Skandinavische Arch\u00e4ologie","type":"rich","width":600,"height":338,"html":"<blockquote class=\"wp-embedded-content\" data-secret=\"aDEzcZiOX2\"><a href=\"https:\/\/zbsa.eu\/en\/bear-and-human\/\">Bear and human: facets of a multi-layered relationship (B\u00e4r und Mensch)<\/a><\/blockquote><iframe sandbox=\"allow-scripts\" security=\"restricted\" src=\"https:\/\/zbsa.eu\/en\/bear-and-human\/embed\/#?secret=aDEzcZiOX2\" width=\"600\" height=\"338\" title=\"&#8220;Bear and human: facets of a multi-layered relationship (B\u00e4r und Mensch)&#8221; &#8212; Zentrum f\u00fcr Baltische und Skandinavische Arch\u00e4ologie (ZBSA) \u2014 Zentrum f\u00fcr Baltische und Skandinavische Arch\u00e4ologie\" data-secret=\"aDEzcZiOX2\" frameborder=\"0\" marginwidth=\"0\" marginheight=\"0\" scrolling=\"no\" class=\"wp-embedded-content\"><\/iframe><script type=\"text\/javascript\">\n\/* <![CDATA[ *\/\n\/*! This file is auto-generated *\/\n!function(d,l){\"use strict\";l.querySelector&&d.addEventListener&&\"undefined\"!=typeof URL&&(d.wp=d.wp||{},d.wp.receiveEmbedMessage||(d.wp.receiveEmbedMessage=function(e){var t=e.data;if((t||t.secret||t.message||t.value)&&!\/[^a-zA-Z0-9]\/.test(t.secret)){for(var s,r,n,a=l.querySelectorAll('iframe[data-secret=\"'+t.secret+'\"]'),o=l.querySelectorAll('blockquote[data-secret=\"'+t.secret+'\"]'),c=new RegExp(\"^https?:$\",\"i\"),i=0;i<o.length;i++)o[i].style.display=\"none\";for(i=0;i<a.length;i++)s=a[i],e.source===s.contentWindow&&(s.removeAttribute(\"style\"),\"height\"===t.message?(1e3<(r=parseInt(t.value,10))?r=1e3:~~r<200&&(r=200),s.height=r):\"link\"===t.message&&(r=new URL(s.getAttribute(\"src\")),n=new URL(t.value),c.test(n.protocol))&&n.host===r.host&&l.activeElement===s&&(d.top.location.href=t.value))}},d.addEventListener(\"message\",d.wp.receiveEmbedMessage,!1),l.addEventListener(\"DOMContentLoaded\",function(){for(var e,t,s=l.querySelectorAll(\"iframe.wp-embedded-content\"),r=0;r<s.length;r++)(t=(e=s[r]).getAttribute(\"data-secret\"))||(t=Math.random().toString(36).substring(2,12),e.src+=\"#?secret=\"+t,e.setAttribute(\"data-secret\",t)),e.contentWindow.postMessage({message:\"ready\",secret:t},\"*\")},!1)))}(window,document);\n\/\/# sourceURL=https:\/\/zbsa.eu\/wp-includes\/js\/wp-embed.min.js\n\/* ]]> *\/\n<\/script>","description":"Die prominente Rolle der B\u00e4ren in der Geschichte der Menschheit wird in der Forschung in ganz unterschiedlichen Fachbereichen diskutiert. Das Ziel der Konferenz \u00fcber \u2018B\u00e4r und Mensch: Facetten einer vielschichtigen Beziehung\u2019 (Mitte Oktober 2018 im Orsa Wildtierpark, Dalarna, Schweden) war das bessere Verst\u00e4ndnis dieser Beziehung im Zeitraum von den sp\u00e4ten J\u00e4gern und Sammlern bis in die Moderne, unter Einschluss von Biologen und einem breiten Spektrum an Geisteswissenschaftlern. Der geographische Schwerpunkt lag in Nordeuropa unter besonderer Ber\u00fccksichtigung h\u00f6chst aufschlussreicher Funde aus Schweden. Die rund 20 Vortr\u00e4ge hatten eine begrenzte L\u00e4nge (20 Minuten), jeweils gefolgt von einer offenen Diskussion (10 Minuten). Daraus entwickeln wir eine wesentlich erweiterte Peer-Review-Publikation, die mit ihren gesch\u00e4tzt 60 Beitr\u00e4gen zu einer breit gef\u00e4cherten und bisher einzigartigen Synthese f\u00fcr das betrachtete Thema f\u00fchren und f\u00fcr viele Jahre ein Standardwerk f\u00fcr Nordeuropa werden soll. Themenbereiche Mensch und Umwelt \u00a0\u00a0 Forschungsschwerpunkte Human-Animal Studies \/ Jagd- und Fischereigeschichte Mitarbeiter Leitung:Dr. Oliver Grimm Mitarbeiter:Dr. Daniel Gro\u00dfPD Dr. habil. Ulrich Schm\u00f6lcke Prof. Dr. Alexandra Pesch \u00a0\u00a0 In Kooperation mit Autorinnen und Autoren im In- und Ausland"}

Bear and human: facets of a multi-layered relationship (Bär und Mensch) - Zentrum für Baltische und Skandinavische Archäologie (ZBSA) — Zentrum für Baltische und Skandinavische Archäologie

<blockquote class="wp-embedded-content" data-secret="aDEzcZiOX2"><a href="https://zbsa.eu/en/bear-and-human/">Bear and human: facets of a multi-layered relationship (Bär und Mensch)</a></blockquote><iframe sandbox="allow-scripts" security="restricted" src="https://zbsa.eu/en/bear-and-human/embed/#?secret=aDEzcZiOX2" width="600" height="338" title="&#8220;Bear and human: facets of a multi-layered relationship (Bär und Mensch)&#8221; &#8212; Zentrum für Baltische und Skandinavische Archäologie (ZBSA) — Zentrum für Baltische und Skandinavische Archäologie" data-secret="aDEzcZiOX2" frameborder="0" marginwidth="0" marginheight="0" scrolling="no" class="wp-embedded-content"></iframe><script type="text/javascript">
/* <![CDATA[ */
/*! This file is auto-generated */
!function(d,l){"use strict";l.querySelector&&d.addEventListener&&"undefined"!=typeof URL&&(d.wp=d.wp||{},d.wp.receiveEmbedMessage||(d.wp.receiveEmbedMessage=function(e){var t=e.data;if((t||t.secret||t.message||t.value)&&!/[^a-zA-Z0-9]/.test(t.secret)){for(var s,r,n,a=l.querySelectorAll('iframe[data-secret="'+t.secret+'"]'),o=l.querySelectorAll('blockquote[data-secret="'+t.secret+'"]'),c=new RegExp("^https?:$","i"),i=0;i<o.length;i++)o[i].style.display="none";for(i=0;i<a.length;i++)s=a[i],e.source===s.contentWindow&&(s.removeAttribute("style"),"height"===t.message?(1e3<(r=parseInt(t.value,10))?r=1e3:~~r<200&&(r=200),s.height=r):"link"===t.message&&(r=new URL(s.getAttribute("src")),n=new URL(t.value),c.test(n.protocol))&&n.host===r.host&&l.activeElement===s&&(d.top.location.href=t.value))}},d.addEventListener("message",d.wp.receiveEmbedMessage,!1),l.addEventListener("DOMContentLoaded",function(){for(var e,t,s=l.querySelectorAll("iframe.wp-embedded-content"),r=0;r<s.length;r++)(t=(e=s[r]).getAttribute("data-secret"))||(t=Math.random().toString(36).substring(2,12),e.src+="#?secret="+t,e.setAttribute("data-secret",t)),e.contentWindow.postMessage({message:"ready",secret:t},"*")},!1)))}(window,document);
//# sourceURL=https://zbsa.eu/wp-includes/js/wp-embed.min.js
/* ]]> */
</script>

Die prominente Rolle der Bären in der Geschichte der Menschheit wird in der Forschung in ganz unterschiedlichen Fachbereichen diskutiert. Das Ziel der Konferenz über ‘Bär und Mensch: Facetten einer vielschichtigen Beziehung’ (Mitte Oktober 2018 im Orsa Wildtierpark, Dalarna, Schweden) war das bessere Verständnis dieser Beziehung im Zeitraum von den späten Jägern und Sammlern bis in die Moderne, unter Einschluss von Biologen und einem breiten Spektrum an Geisteswissenschaftlern. Der geographische Schwerpunkt lag in Nordeuropa unter besonderer Berücksichtigung höchst aufschlussreicher Funde aus Schweden. Die rund 20 Vorträge hatten eine begrenzte Länge (20 Minuten), jeweils gefolgt von einer offenen Diskussion (10 Minuten). Daraus entwickeln wir eine wesentlich erweiterte Peer-Review-Publikation, die mit ihren geschätzt 60 Beiträgen zu einer breit gefächerten und bisher einzigartigen Synthese für das betrachtete Thema führen und für viele Jahre ein Standardwerk für Nordeuropa werden soll. Themenbereiche Mensch und Umwelt    Forschungsschwerpunkte Human-Animal Studies / Jagd- und Fischereigeschichte Mitarbeiter Leitung:Dr. Oliver Grimm Mitarbeiter:Dr. Daniel GroßPD Dr. habil. Ulrich Schmölcke Prof. Dr. Alexandra Pesch    In Kooperation mit Autorinnen und Autoren im In- und Ausland
