{"version":"1.0","provider_name":"Centre for Baltic and Scandinavian Archaeology (ZBSA)","provider_url":"https:\/\/zbsa.eu\/en","author_name":"Matthias Bolte","author_url":"https:\/\/zbsa.eu\/en\/author\/matthias-bolte\/","title":"Januar 2020 - Zentrum f\u00fcr Baltische und Skandinavische Arch\u00e4ologie (ZBSA) \u2014 Zentrum f\u00fcr Baltische und Skandinavische Arch\u00e4ologie","type":"rich","width":600,"height":338,"html":"<blockquote class=\"wp-embedded-content\" data-secret=\"Pri77Bqbgx\"><a href=\"https:\/\/zbsa.eu\/en\/januar-2020\/\">January 2020<\/a><\/blockquote><iframe sandbox=\"allow-scripts\" security=\"restricted\" src=\"https:\/\/zbsa.eu\/en\/januar-2020\/embed\/#?secret=Pri77Bqbgx\" width=\"600\" height=\"338\" title=\"&#8220;Januar 2020&#8221; &#8212; Zentrum f\u00fcr Baltische und Skandinavische Arch\u00e4ologie (ZBSA) \u2014 Zentrum f\u00fcr Baltische und Skandinavische Arch\u00e4ologie\" data-secret=\"Pri77Bqbgx\" frameborder=\"0\" marginwidth=\"0\" marginheight=\"0\" scrolling=\"no\" class=\"wp-embedded-content\"><\/iframe><script type=\"text\/javascript\">\n\/* <![CDATA[ *\/\n\/*! This file is auto-generated *\/\n!function(d,l){\"use strict\";l.querySelector&&d.addEventListener&&\"undefined\"!=typeof URL&&(d.wp=d.wp||{},d.wp.receiveEmbedMessage||(d.wp.receiveEmbedMessage=function(e){var t=e.data;if((t||t.secret||t.message||t.value)&&!\/[^a-zA-Z0-9]\/.test(t.secret)){for(var s,r,n,a=l.querySelectorAll('iframe[data-secret=\"'+t.secret+'\"]'),o=l.querySelectorAll('blockquote[data-secret=\"'+t.secret+'\"]'),c=new RegExp(\"^https?:$\",\"i\"),i=0;i<o.length;i++)o[i].style.display=\"none\";for(i=0;i<a.length;i++)s=a[i],e.source===s.contentWindow&&(s.removeAttribute(\"style\"),\"height\"===t.message?(1e3<(r=parseInt(t.value,10))?r=1e3:~~r<200&&(r=200),s.height=r):\"link\"===t.message&&(r=new URL(s.getAttribute(\"src\")),n=new URL(t.value),c.test(n.protocol))&&n.host===r.host&&l.activeElement===s&&(d.top.location.href=t.value))}},d.addEventListener(\"message\",d.wp.receiveEmbedMessage,!1),l.addEventListener(\"DOMContentLoaded\",function(){for(var e,t,s=l.querySelectorAll(\"iframe.wp-embedded-content\"),r=0;r<s.length;r++)(t=(e=s[r]).getAttribute(\"data-secret\"))||(t=Math.random().toString(36).substring(2,12),e.src+=\"#?secret=\"+t,e.setAttribute(\"data-secret\",t)),e.contentWindow.postMessage({message:\"ready\",secret:t},\"*\")},!1)))}(window,document);\n\/\/# sourceURL=https:\/\/zbsa.eu\/wp-includes\/js\/wp-embed.min.js\n\/* ]]> *\/\n<\/script>","description":"\u201eDas Schwert mit dem goldenen Griff. Eine Prunkbestattung der V\u00f6lkerwanderungszeit\u201c Andreas Rau Mitte des Jahres 2019 konnte das Projekt \u201eDer Berliner chef militaire\u201c mit der Fertigungstellung eines Manuskriptes beendet werden, das im Dezember 2019 als Buch mit dem Titel \u201eDas Schwert mit dem goldenen Griff. Eine Prunkbestattung der V\u00f6lkerwanderungszeit\u201c erschienen ist. Das aus einer Privatsammlung stammende und im Jahr 2007 vom Berliner Museum f\u00fcr Vor- und Fr\u00fchgeschichte angekaufte Beigabenensemble ist darin erstmals umfassend vorgestellt und analysiert worden. Als hauptverantwortliche Autoren waren Marion Bertram (Museum f\u00fcr Vor- und Fr\u00fchgeschichte, Staatliche Museen zu Berlin &#8211; Stiftung Preu\u00dfischer Kulturbesitz), Dieter Quast (R\u00f6misch-Germanisches Zentralmuseum, Leibniz Forschungsinstitut f\u00fcr Arch\u00e4ologie) und Andreas Rau (ZBSA)\u00a0 verantwortlich. Erg\u00e4nzende Beitr\u00e4ge behandeln zudem die auf der R\u00fcckseite des Schwerscheidenmundbleches eingeritzte Runeninschrift, verfasst von Sigmund Oehrl (Institutionen f\u00f6r arkeologi och antikens kultur, Stockholms universitet), sowie die computertomographische Untersuchung der Schwertklinge von Ulrich Lehmann (LWL-Arch\u00e4ologie f\u00fcr Westfalen, M\u00fcnster). Obwohl die Unkenntnis von Fundort, Fundzeit sowie des n\u00e4heren Kontextes die Aussagen zur historischen Einordnung des Ensembles erheblich behindert, lassen sich aus dem reichen Fundbestand, der mit allergr\u00f6\u00dfter Wahrscheinlichkeit einem einzelnen Grab der 1. H\u00e4lfte des 5. Jahrhundert zugeschrieben kann, wichtige Erkenntnisse \u00fcber die sp\u00e4tantiken Milit\u00e4reliten gewinnen. W\u00e4hrend die Bewaffnung \u2013 darunter besonders augenf\u00e4llig der goldene Schwertgriff und der mit vergoldetem Silberblech \u00fcberzogenen Schildbuckel \u2013 mutma\u00dflich aus r\u00f6mischen Werkst\u00e4tten stammt, zeigen die Trachtbestandteile vor allem einen Bezug zum s\u00fcdwestdeutschen-\u201ealamannischen\u201c Raum auf. Auf ein germanischsprachiges Umfeld deutet auch die Runeninschrift hin, wenngleich f\u00fcr diese bislang stark abweichende und letztlich nur bedingt \u00fcberzeugende Lesungen und \u00dcbersetzungen vorgeschlagen wurden. Derweil muss das umfangreiche Tischgeschirr aus Metall-, Ton- und Glasgef\u00e4\u00dfen provinzialr\u00f6mischer Herkunft so interpretiert werden, dass der Bestattete oder zumindest Teile der ihn Bestattenden, genaue Kenntnis der provinzialr\u00f6mischen Speise- und Bewirtungssitten gehabt haben. Das Spektrum der Objekte l\u00e4sst einen Bezug zum unteren Maingebiet\u00a0 vermuten, dass zwischen 370-ca. 450 n. Chr. \u2013 obwohl \u201eoffiziell\u201c im Barbaricum\u00a0 gelegen \u2013 einen starken Bezug zum linksrheinischen sp\u00e4tr\u00f6mischen Provinzgebiet aufweist. Teilweise frappierende \u00dcbereinstimmungen zeigen sich dabei z.B. zu einer bereits 1925 unsachgem\u00e4\u00df geborgenen Grabausstattung aus dem Frankfurter Stadtteil Praunheim. Die besprochen\u00a0 Beigaben k\u00f6nnen daher ebenfalls als Ausstattung der Grablege eines Mitgliedes der barbarischen Milit\u00e4relite gedeutet werden, das m\u00f6glicherweise im Auftrag und mit Unterst\u00fctzung des r\u00f6mischen Reiches eine Rolle in der Vorfeldverteidigung \u00fcbernahm. M. Bertram\/D. Quast\/A. Rau, Das Schwert mit dem goldenen Griff. Eine Prunkbestattung der V\u00f6lkerwanderungszeit. Die Sammlungen des Museums f\u00fcr Vor- und Fr\u00fchgeschichte 5 (Regensburg 2019). ISBN: 978-3-7954-3475-5","thumbnail_url":"https:\/\/zbsa.eu\/wp-content\/uploads\/2021\/03\/zbsa.jpg"}

Januar 2020 - Zentrum für Baltische und Skandinavische Archäologie (ZBSA) — Zentrum für Baltische und Skandinavische Archäologie

<blockquote class="wp-embedded-content" data-secret="Pri77Bqbgx"><a href="https://zbsa.eu/en/januar-2020/">January 2020</a></blockquote><iframe sandbox="allow-scripts" security="restricted" src="https://zbsa.eu/en/januar-2020/embed/#?secret=Pri77Bqbgx" width="600" height="338" title="&#8220;Januar 2020&#8221; &#8212; Zentrum für Baltische und Skandinavische Archäologie (ZBSA) — Zentrum für Baltische und Skandinavische Archäologie" data-secret="Pri77Bqbgx" frameborder="0" marginwidth="0" marginheight="0" scrolling="no" class="wp-embedded-content"></iframe><script type="text/javascript">
/* <![CDATA[ */
/*! This file is auto-generated */
!function(d,l){"use strict";l.querySelector&&d.addEventListener&&"undefined"!=typeof URL&&(d.wp=d.wp||{},d.wp.receiveEmbedMessage||(d.wp.receiveEmbedMessage=function(e){var t=e.data;if((t||t.secret||t.message||t.value)&&!/[^a-zA-Z0-9]/.test(t.secret)){for(var s,r,n,a=l.querySelectorAll('iframe[data-secret="'+t.secret+'"]'),o=l.querySelectorAll('blockquote[data-secret="'+t.secret+'"]'),c=new RegExp("^https?:$","i"),i=0;i<o.length;i++)o[i].style.display="none";for(i=0;i<a.length;i++)s=a[i],e.source===s.contentWindow&&(s.removeAttribute("style"),"height"===t.message?(1e3<(r=parseInt(t.value,10))?r=1e3:~~r<200&&(r=200),s.height=r):"link"===t.message&&(r=new URL(s.getAttribute("src")),n=new URL(t.value),c.test(n.protocol))&&n.host===r.host&&l.activeElement===s&&(d.top.location.href=t.value))}},d.addEventListener("message",d.wp.receiveEmbedMessage,!1),l.addEventListener("DOMContentLoaded",function(){for(var e,t,s=l.querySelectorAll("iframe.wp-embedded-content"),r=0;r<s.length;r++)(t=(e=s[r]).getAttribute("data-secret"))||(t=Math.random().toString(36).substring(2,12),e.src+="#?secret="+t,e.setAttribute("data-secret",t)),e.contentWindow.postMessage({message:"ready",secret:t},"*")},!1)))}(window,document);
//# sourceURL=https://zbsa.eu/wp-includes/js/wp-embed.min.js
/* ]]> */
</script>

„Das Schwert mit dem goldenen Griff. Eine Prunkbestattung der Völkerwanderungszeit“ Andreas Rau Mitte des Jahres 2019 konnte das Projekt „Der Berliner chef militaire“ mit der Fertigungstellung eines Manuskriptes beendet werden, das im Dezember 2019 als Buch mit dem Titel „Das Schwert mit dem goldenen Griff. Eine Prunkbestattung der Völkerwanderungszeit“ erschienen ist. Das aus einer Privatsammlung stammende und im Jahr 2007 vom Berliner Museum für Vor- und Frühgeschichte angekaufte Beigabenensemble ist darin erstmals umfassend vorgestellt und analysiert worden. Als hauptverantwortliche Autoren waren Marion Bertram (Museum für Vor- und Frühgeschichte, Staatliche Museen zu Berlin &#8211; Stiftung Preußischer Kulturbesitz), Dieter Quast (Römisch-Germanisches Zentralmuseum, Leibniz Forschungsinstitut für Archäologie) und Andreas Rau (ZBSA)  verantwortlich. Ergänzende Beiträge behandeln zudem die auf der Rückseite des Schwerscheidenmundbleches eingeritzte Runeninschrift, verfasst von Sigmund Oehrl (Institutionen för arkeologi och antikens kultur, Stockholms universitet), sowie die computertomographische Untersuchung der Schwertklinge von Ulrich Lehmann (LWL-Archäologie für Westfalen, Münster). Obwohl die Unkenntnis von Fundort, Fundzeit sowie des näheren Kontextes die Aussagen zur historischen Einordnung des Ensembles erheblich behindert, lassen sich aus dem reichen Fundbestand, der mit allergrößter Wahrscheinlichkeit einem einzelnen Grab der 1. Hälfte des 5. Jahrhundert zugeschrieben kann, wichtige Erkenntnisse über die spätantiken Militäreliten gewinnen. Während die Bewaffnung – darunter besonders augenfällig der goldene Schwertgriff und der mit vergoldetem Silberblech überzogenen Schildbuckel – mutmaßlich aus römischen Werkstätten stammt, zeigen die Trachtbestandteile vor allem einen Bezug zum südwestdeutschen-„alamannischen“ Raum auf. Auf ein germanischsprachiges Umfeld deutet auch die Runeninschrift hin, wenngleich für diese bislang stark abweichende und letztlich nur bedingt überzeugende Lesungen und Übersetzungen vorgeschlagen wurden. Derweil muss das umfangreiche Tischgeschirr aus Metall-, Ton- und Glasgefäßen provinzialrömischer Herkunft so interpretiert werden, dass der Bestattete oder zumindest Teile der ihn Bestattenden, genaue Kenntnis der provinzialrömischen Speise- und Bewirtungssitten gehabt haben. Das Spektrum der Objekte lässt einen Bezug zum unteren Maingebiet  vermuten, dass zwischen 370-ca. 450 n. Chr. – obwohl „offiziell“ im Barbaricum  gelegen – einen starken Bezug zum linksrheinischen spätrömischen Provinzgebiet aufweist. Teilweise frappierende Übereinstimmungen zeigen sich dabei z.B. zu einer bereits 1925 unsachgemäß geborgenen Grabausstattung aus dem Frankfurter Stadtteil Praunheim. Die besprochen  Beigaben können daher ebenfalls als Ausstattung der Grablege eines Mitgliedes der barbarischen Militärelite gedeutet werden, das möglicherweise im Auftrag und mit Unterstützung des römischen Reiches eine Rolle in der Vorfeldverteidigung übernahm. M. Bertram/D. Quast/A. Rau, Das Schwert mit dem goldenen Griff. Eine Prunkbestattung der Völkerwanderungszeit. Die Sammlungen des Museums für Vor- und Frühgeschichte 5 (Regensburg 2019). ISBN: 978-3-7954-3475-5
