{"version":"1.0","provider_name":"Centre for Baltic and Scandinavian Archaeology (ZBSA)","provider_url":"https:\/\/zbsa.eu\/en","author_name":"Matthias Bolte","author_url":"https:\/\/zbsa.eu\/en\/author\/matthias-bolte\/","title":"Petra Westphalen: Die H\u00e4user von der fr\u00fchgeschichtlichen Warft Elisenhof - Zentrum f\u00fcr Baltische und Skandinavische Arch\u00e4ologie (ZBSA) \u2014 Zentrum f\u00fcr Baltische und Skandinavische Arch\u00e4ologie","type":"rich","width":600,"height":338,"html":"<blockquote class=\"wp-embedded-content\" data-secret=\"yIpHAkJrwD\"><a href=\"https:\/\/zbsa.eu\/en\/warft-elisenhof\/\">Petra Westphalen: Die H\u00e4user von der fr\u00fchgeschichtlichen Warft Elisenhof<\/a><\/blockquote><iframe sandbox=\"allow-scripts\" security=\"restricted\" src=\"https:\/\/zbsa.eu\/en\/warft-elisenhof\/embed\/#?secret=yIpHAkJrwD\" width=\"600\" height=\"338\" title=\"&#8220;Petra Westphalen: Die H\u00e4user von der fr\u00fchgeschichtlichen Warft Elisenhof&#8221; &#8212; Zentrum f\u00fcr Baltische und Skandinavische Arch\u00e4ologie (ZBSA) \u2014 Zentrum f\u00fcr Baltische und Skandinavische Arch\u00e4ologie\" data-secret=\"yIpHAkJrwD\" frameborder=\"0\" marginwidth=\"0\" marginheight=\"0\" scrolling=\"no\" class=\"wp-embedded-content\"><\/iframe><script type=\"text\/javascript\">\n\/* <![CDATA[ *\/\n\/*! This file is auto-generated *\/\n!function(d,l){\"use strict\";l.querySelector&&d.addEventListener&&\"undefined\"!=typeof URL&&(d.wp=d.wp||{},d.wp.receiveEmbedMessage||(d.wp.receiveEmbedMessage=function(e){var t=e.data;if((t||t.secret||t.message||t.value)&&!\/[^a-zA-Z0-9]\/.test(t.secret)){for(var s,r,n,a=l.querySelectorAll('iframe[data-secret=\"'+t.secret+'\"]'),o=l.querySelectorAll('blockquote[data-secret=\"'+t.secret+'\"]'),c=new RegExp(\"^https?:$\",\"i\"),i=0;i<o.length;i++)o[i].style.display=\"none\";for(i=0;i<a.length;i++)s=a[i],e.source===s.contentWindow&&(s.removeAttribute(\"style\"),\"height\"===t.message?(1e3<(r=parseInt(t.value,10))?r=1e3:~~r<200&&(r=200),s.height=r):\"link\"===t.message&&(r=new URL(s.getAttribute(\"src\")),n=new URL(t.value),c.test(n.protocol))&&n.host===r.host&&l.activeElement===s&&(d.top.location.href=t.value))}},d.addEventListener(\"message\",d.wp.receiveEmbedMessage,!1),l.addEventListener(\"DOMContentLoaded\",function(){for(var e,t,s=l.querySelectorAll(\"iframe.wp-embedded-content\"),r=0;r<s.length;r++)(t=(e=s[r]).getAttribute(\"data-secret\"))||(t=Math.random().toString(36).substring(2,12),e.src+=\"#?secret=\"+t,e.setAttribute(\"data-secret\",t)),e.contentWindow.postMessage({message:\"ready\",secret:t},\"*\")},!1)))}(window,document);\n\/\/# sourceURL=https:\/\/zbsa.eu\/wp-includes\/js\/wp-embed.min.js\n\/* ]]> *\/\n<\/script>","description":"Wachholtz Verlag Murmann PublishersISBN: 9783529011870Preis: 34\u20ac Zu den gro\u00dfen arch\u00e4ologischen Projekten der Westk\u00fcstenforschung in Schleswig-Holstein geh\u00f6rt zweifellos die fr\u00fchmittelalterliche Warft Elisenhof auf Eiderstedt bei T\u00f6nning im Kreis Nordfriesland. Seit den 1960er Jahren erforscht und in zahlreichen Publikationen vorgestellt und diskutiert, bildet diese l\u00e4ndliche Siedlung der Wikingerzeit an der Eiderm\u00fcndung ein wichtiges regionales und funktionales Korrelat zum fr\u00fchst\u00e4dtischen Handelsplatz Haithabu an der Schlei. Mit dem vorliegenden Band gelingt es, die umfangreichen Haus- und Siedlungsbefunde der Warft Elisenhof ausf\u00fchrlich vorzustellen und zu diskutieren.","thumbnail_url":"https:\/\/zbsa.eu\/wp-content\/uploads\/2015\/02\/zbsa-1.jpg"}

Petra Westphalen: Die Häuser von der frühgeschichtlichen Warft Elisenhof - Zentrum für Baltische und Skandinavische Archäologie (ZBSA) — Zentrum für Baltische und Skandinavische Archäologie

<blockquote class="wp-embedded-content" data-secret="yIpHAkJrwD"><a href="https://zbsa.eu/en/warft-elisenhof/">Petra Westphalen: Die Häuser von der frühgeschichtlichen Warft Elisenhof</a></blockquote><iframe sandbox="allow-scripts" security="restricted" src="https://zbsa.eu/en/warft-elisenhof/embed/#?secret=yIpHAkJrwD" width="600" height="338" title="&#8220;Petra Westphalen: Die Häuser von der frühgeschichtlichen Warft Elisenhof&#8221; &#8212; Zentrum für Baltische und Skandinavische Archäologie (ZBSA) — Zentrum für Baltische und Skandinavische Archäologie" data-secret="yIpHAkJrwD" frameborder="0" marginwidth="0" marginheight="0" scrolling="no" class="wp-embedded-content"></iframe><script type="text/javascript">
/* <![CDATA[ */
/*! This file is auto-generated */
!function(d,l){"use strict";l.querySelector&&d.addEventListener&&"undefined"!=typeof URL&&(d.wp=d.wp||{},d.wp.receiveEmbedMessage||(d.wp.receiveEmbedMessage=function(e){var t=e.data;if((t||t.secret||t.message||t.value)&&!/[^a-zA-Z0-9]/.test(t.secret)){for(var s,r,n,a=l.querySelectorAll('iframe[data-secret="'+t.secret+'"]'),o=l.querySelectorAll('blockquote[data-secret="'+t.secret+'"]'),c=new RegExp("^https?:$","i"),i=0;i<o.length;i++)o[i].style.display="none";for(i=0;i<a.length;i++)s=a[i],e.source===s.contentWindow&&(s.removeAttribute("style"),"height"===t.message?(1e3<(r=parseInt(t.value,10))?r=1e3:~~r<200&&(r=200),s.height=r):"link"===t.message&&(r=new URL(s.getAttribute("src")),n=new URL(t.value),c.test(n.protocol))&&n.host===r.host&&l.activeElement===s&&(d.top.location.href=t.value))}},d.addEventListener("message",d.wp.receiveEmbedMessage,!1),l.addEventListener("DOMContentLoaded",function(){for(var e,t,s=l.querySelectorAll("iframe.wp-embedded-content"),r=0;r<s.length;r++)(t=(e=s[r]).getAttribute("data-secret"))||(t=Math.random().toString(36).substring(2,12),e.src+="#?secret="+t,e.setAttribute("data-secret",t)),e.contentWindow.postMessage({message:"ready",secret:t},"*")},!1)))}(window,document);
//# sourceURL=https://zbsa.eu/wp-includes/js/wp-embed.min.js
/* ]]> */
</script>

Wachholtz Verlag Murmann PublishersISBN: 9783529011870Preis: 34€ Zu den großen archäologischen Projekten der Westküstenforschung in Schleswig-Holstein gehört zweifellos die frühmittelalterliche Warft Elisenhof auf Eiderstedt bei Tönning im Kreis Nordfriesland. Seit den 1960er Jahren erforscht und in zahlreichen Publikationen vorgestellt und diskutiert, bildet diese ländliche Siedlung der Wikingerzeit an der Eidermündung ein wichtiges regionales und funktionales Korrelat zum frühstädtischen Handelsplatz Haithabu an der Schlei. Mit dem vorliegenden Band gelingt es, die umfangreichen Haus- und Siedlungsbefunde der Warft Elisenhof ausführlich vorzustellen und zu diskutieren.
