{"id":7392,"date":"2021-08-24T13:27:05","date_gmt":"2021-08-24T11:27:05","guid":{"rendered":"https:\/\/zbsa.eu\/?post_type=tribe_events&#038;p=7392"},"modified":"2021-08-24T14:05:07","modified_gmt":"2021-08-24T12:05:07","slug":"alexandra-pesch-tagung-archaeologie-aktuell-klimawandel-und-pandemie-im-6-jahrhundert-aus-archaeologischer-sicht","status":"publish","type":"tribe_events","link":"https:\/\/zbsa.eu\/en\/event\/alexandra-pesch-tagung-archaeologie-aktuell-klimawandel-und-pandemie-im-6-jahrhundert-aus-archaeologischer-sicht\/","title":{"rendered":"Alexandra Pesch\/Tagung Arch\u00e4ologie Aktuell: \u201eKlimawandel und Pandemie im 6. Jahrhundert aus arch\u00e4ologischer Sicht."},"content":{"rendered":"<p>10. September, 19.00 Uhr \u00a0Alexandra Pesch\/Tagung Arch\u00e4ologie Aktuell, Akademie Sankelmark: \u201eKlimawandel und Pandemie im 6. Jahrhundert aus arch\u00e4ologischer Sicht.<\/p>\n","protected":false},"excerpt":{"rendered":"<p>10. September, 19.00 Uhr \u00a0Alexandra Pesch\/Tagung Arch\u00e4ologie Aktuell, Akademie Sankelmark: \u201eKlimawandel und Pandemie im 6. Jahrhundert aus arch\u00e4ologischer Sicht.<\/p>\n","protected":false},"author":2,"featured_media":0,"comment_status":"closed","ping_status":"closed","template":"","meta":{"_eb_attr":"","inline_featured_image":false,"_tribe_events_status":"","_tribe_events_status_reason":"","footnotes":""},"tags":[],"tribe_events_cat":[71],"class_list":["post-7392","tribe_events","type-tribe_events","status-publish","hentry","tribe_events_cat-vortraege","cat_vortraege"],"yoast_head":"<!-- This site is optimized with the Yoast SEO plugin v24.4 - https:\/\/yoast.com\/wordpress\/plugins\/seo\/ -->\n<title>Alexandra Pesch\/Tagung Arch\u00e4ologie Aktuell: \u201eKlimawandel und Pandemie im 6. Jahrhundert aus arch\u00e4ologischer Sicht. - Zentrum f\u00fcr Baltische und Skandinavische Arch\u00e4ologie (ZBSA) \u2014 Zentrum f\u00fcr Baltische und Skandinavische Arch\u00e4ologie<\/title>\n<meta name=\"robots\" content=\"index, follow, max-snippet:-1, max-image-preview:large, max-video-preview:-1\" \/>\n<link rel=\"canonical\" href=\"https:\/\/zbsa.eu\/en\/event\/alexandra-pesch-tagung-archaeologie-aktuell-klimawandel-und-pandemie-im-6-jahrhundert-aus-archaeologischer-sicht\/\" \/>\n<meta property=\"og:locale\" content=\"en_GB\" \/>\n<meta property=\"og:type\" content=\"article\" \/>\n<meta property=\"og:title\" content=\"Alexandra Pesch\/Tagung Arch\u00e4ologie Aktuell: \u201eKlimawandel und Pandemie im 6. Jahrhundert aus arch\u00e4ologischer Sicht. - Zentrum f\u00fcr Baltische und Skandinavische Arch\u00e4ologie (ZBSA) \u2014 Zentrum f\u00fcr Baltische und Skandinavische Arch\u00e4ologie\" \/>\n<meta property=\"og:description\" content=\"10. September, 19.00 Uhr \u00a0Alexandra Pesch\/Tagung Arch\u00e4ologie Aktuell, Akademie Sankelmark: \u201eKlimawandel und Pandemie im 6. Jahrhundert aus arch\u00e4ologischer Sicht.\" \/>\n<meta property=\"og:url\" content=\"https:\/\/zbsa.eu\/en\/event\/alexandra-pesch-tagung-archaeologie-aktuell-klimawandel-und-pandemie-im-6-jahrhundert-aus-archaeologischer-sicht\/\" \/>\n<meta property=\"og:site_name\" content=\"Zentrum f\u00fcr Baltische und Skandinavische Arch\u00e4ologie (ZBSA) \u2014 Zentrum f\u00fcr Baltische und Skandinavische Arch\u00e4ologie\" \/>\n<meta property=\"article:modified_time\" content=\"2021-08-24T12:05:07+00:00\" \/>\n<meta name=\"twitter:card\" content=\"summary_large_image\" \/>\n<meta name=\"twitter:label1\" content=\"Estimated reading time\" \/>\n\t<meta name=\"twitter:data1\" content=\"1 minute\" \/>\n<script type=\"application\/ld+json\" class=\"yoast-schema-graph\">{\"@context\":\"https:\/\/schema.org\",\"@graph\":[{\"@type\":\"WebPage\",\"@id\":\"https:\/\/zbsa.eu\/event\/alexandra-pesch-tagung-archaeologie-aktuell-klimawandel-und-pandemie-im-6-jahrhundert-aus-archaeologischer-sicht\/\",\"url\":\"https:\/\/zbsa.eu\/event\/alexandra-pesch-tagung-archaeologie-aktuell-klimawandel-und-pandemie-im-6-jahrhundert-aus-archaeologischer-sicht\/\",\"name\":\"Alexandra Pesch\/Tagung Arch\u00e4ologie Aktuell: \u201eKlimawandel und Pandemie im 6. Jahrhundert aus arch\u00e4ologischer Sicht. - Zentrum f\u00fcr Baltische und Skandinavische Arch\u00e4ologie (ZBSA) \u2014 Zentrum f\u00fcr Baltische und Skandinavische Arch\u00e4ologie\",\"isPartOf\":{\"@id\":\"https:\/\/zbsa.eu\/#website\"},\"datePublished\":\"2021-08-24T11:27:05+00:00\",\"dateModified\":\"2021-08-24T12:05:07+00:00\",\"breadcrumb\":{\"@id\":\"https:\/\/zbsa.eu\/event\/alexandra-pesch-tagung-archaeologie-aktuell-klimawandel-und-pandemie-im-6-jahrhundert-aus-archaeologischer-sicht\/#breadcrumb\"},\"inLanguage\":\"en-GB\",\"potentialAction\":[{\"@type\":\"ReadAction\",\"target\":[\"https:\/\/zbsa.eu\/event\/alexandra-pesch-tagung-archaeologie-aktuell-klimawandel-und-pandemie-im-6-jahrhundert-aus-archaeologischer-sicht\/\"]}]},{\"@type\":\"BreadcrumbList\",\"@id\":\"https:\/\/zbsa.eu\/event\/alexandra-pesch-tagung-archaeologie-aktuell-klimawandel-und-pandemie-im-6-jahrhundert-aus-archaeologischer-sicht\/#breadcrumb\",\"itemListElement\":[{\"@type\":\"ListItem\",\"position\":1,\"name\":\"Startseite\",\"item\":\"https:\/\/zbsa.eu\/\"},{\"@type\":\"ListItem\",\"position\":2,\"name\":\"Events\",\"item\":\"https:\/\/zbsa.eu\/en\/events\/\"},{\"@type\":\"ListItem\",\"position\":3,\"name\":\"Vortr\u00e4ge\",\"item\":\"https:\/\/zbsa.eu\/events\/kategorie\/vortraege\/\"},{\"@type\":\"ListItem\",\"position\":4,\"name\":\"Alexandra Pesch\/Tagung Arch\u00e4ologie Aktuell: \u201eKlimawandel und Pandemie im 6. Jahrhundert aus arch\u00e4ologischer Sicht.\"}]},{\"@type\":\"WebSite\",\"@id\":\"https:\/\/zbsa.eu\/#website\",\"url\":\"https:\/\/zbsa.eu\/\",\"name\":\"Zentrum f\u00fcr Baltische und Skandinavische Arch\u00e4ologie (ZBSA) \u2014 Zentrum f\u00fcr Baltische und Skandinavische Arch\u00e4ologie\",\"description\":\"\",\"potentialAction\":[{\"@type\":\"SearchAction\",\"target\":{\"@type\":\"EntryPoint\",\"urlTemplate\":\"https:\/\/zbsa.eu\/?s={search_term_string}\"},\"query-input\":{\"@type\":\"PropertyValueSpecification\",\"valueRequired\":true,\"valueName\":\"search_term_string\"}}],\"inLanguage\":\"en-GB\"}]}<\/script>\n<!-- \/ Yoast SEO plugin. -->","yoast_head_json":{"title":"Alexandra Pesch\/Tagung Arch\u00e4ologie Aktuell: \u201eKlimawandel und Pandemie im 6. Jahrhundert aus arch\u00e4ologischer Sicht. - Zentrum f\u00fcr Baltische und Skandinavische Arch\u00e4ologie (ZBSA) \u2014 Zentrum f\u00fcr Baltische und Skandinavische Arch\u00e4ologie","robots":{"index":"index","follow":"follow","max-snippet":"max-snippet:-1","max-image-preview":"max-image-preview:large","max-video-preview":"max-video-preview:-1"},"canonical":"https:\/\/zbsa.eu\/en\/event\/alexandra-pesch-tagung-archaeologie-aktuell-klimawandel-und-pandemie-im-6-jahrhundert-aus-archaeologischer-sicht\/","og_locale":"en_GB","og_type":"article","og_title":"Alexandra Pesch\/Tagung Arch\u00e4ologie Aktuell: \u201eKlimawandel und Pandemie im 6. Jahrhundert aus arch\u00e4ologischer Sicht. - Zentrum f\u00fcr Baltische und Skandinavische Arch\u00e4ologie (ZBSA) \u2014 Zentrum f\u00fcr Baltische und Skandinavische Arch\u00e4ologie","og_description":"10. September, 19.00 Uhr \u00a0Alexandra Pesch\/Tagung Arch\u00e4ologie Aktuell, Akademie Sankelmark: \u201eKlimawandel und Pandemie im 6. Jahrhundert aus arch\u00e4ologischer Sicht.","og_url":"https:\/\/zbsa.eu\/en\/event\/alexandra-pesch-tagung-archaeologie-aktuell-klimawandel-und-pandemie-im-6-jahrhundert-aus-archaeologischer-sicht\/","og_site_name":"Zentrum f\u00fcr Baltische und Skandinavische Arch\u00e4ologie (ZBSA) \u2014 Zentrum f\u00fcr Baltische und Skandinavische Arch\u00e4ologie","article_modified_time":"2021-08-24T12:05:07+00:00","twitter_card":"summary_large_image","twitter_misc":{"Estimated reading time":"1 minute"},"schema":{"@context":"https:\/\/schema.org","@graph":[{"@type":"WebPage","@id":"https:\/\/zbsa.eu\/event\/alexandra-pesch-tagung-archaeologie-aktuell-klimawandel-und-pandemie-im-6-jahrhundert-aus-archaeologischer-sicht\/","url":"https:\/\/zbsa.eu\/event\/alexandra-pesch-tagung-archaeologie-aktuell-klimawandel-und-pandemie-im-6-jahrhundert-aus-archaeologischer-sicht\/","name":"Alexandra Pesch\/Tagung Arch\u00e4ologie Aktuell: \u201eKlimawandel und Pandemie im 6. Jahrhundert aus arch\u00e4ologischer Sicht. - Zentrum f\u00fcr Baltische und Skandinavische Arch\u00e4ologie (ZBSA) \u2014 Zentrum f\u00fcr Baltische und Skandinavische Arch\u00e4ologie","isPartOf":{"@id":"https:\/\/zbsa.eu\/#website"},"datePublished":"2021-08-24T11:27:05+00:00","dateModified":"2021-08-24T12:05:07+00:00","breadcrumb":{"@id":"https:\/\/zbsa.eu\/event\/alexandra-pesch-tagung-archaeologie-aktuell-klimawandel-und-pandemie-im-6-jahrhundert-aus-archaeologischer-sicht\/#breadcrumb"},"inLanguage":"en-GB","potentialAction":[{"@type":"ReadAction","target":["https:\/\/zbsa.eu\/event\/alexandra-pesch-tagung-archaeologie-aktuell-klimawandel-und-pandemie-im-6-jahrhundert-aus-archaeologischer-sicht\/"]}]},{"@type":"BreadcrumbList","@id":"https:\/\/zbsa.eu\/event\/alexandra-pesch-tagung-archaeologie-aktuell-klimawandel-und-pandemie-im-6-jahrhundert-aus-archaeologischer-sicht\/#breadcrumb","itemListElement":[{"@type":"ListItem","position":1,"name":"Startseite","item":"https:\/\/zbsa.eu\/"},{"@type":"ListItem","position":2,"name":"Events","item":"https:\/\/zbsa.eu\/en\/events\/"},{"@type":"ListItem","position":3,"name":"Vortr\u00e4ge","item":"https:\/\/zbsa.eu\/events\/kategorie\/vortraege\/"},{"@type":"ListItem","position":4,"name":"Alexandra Pesch\/Tagung Arch\u00e4ologie Aktuell: \u201eKlimawandel und Pandemie im 6. Jahrhundert aus arch\u00e4ologischer Sicht."}]},{"@type":"WebSite","@id":"https:\/\/zbsa.eu\/#website","url":"https:\/\/zbsa.eu\/","name":"Zentrum f\u00fcr Baltische und Skandinavische Arch\u00e4ologie (ZBSA) \u2014 Zentrum f\u00fcr Baltische und Skandinavische Arch\u00e4ologie","description":"","potentialAction":[{"@type":"SearchAction","target":{"@type":"EntryPoint","urlTemplate":"https:\/\/zbsa.eu\/?s={search_term_string}"},"query-input":{"@type":"PropertyValueSpecification","valueRequired":true,"valueName":"search_term_string"}}],"inLanguage":"en-GB"}]}},"acf":[],"_links":{"self":[{"href":"https:\/\/zbsa.eu\/en\/wp-json\/wp\/v2\/tribe_events\/7392","targetHints":{"allow":["GET"]}}],"collection":[{"href":"https:\/\/zbsa.eu\/en\/wp-json\/wp\/v2\/tribe_events"}],"about":[{"href":"https:\/\/zbsa.eu\/en\/wp-json\/wp\/v2\/types\/tribe_events"}],"author":[{"embeddable":true,"href":"https:\/\/zbsa.eu\/en\/wp-json\/wp\/v2\/users\/2"}],"replies":[{"embeddable":true,"href":"https:\/\/zbsa.eu\/en\/wp-json\/wp\/v2\/comments?post=7392"}],"version-history":[{"count":2,"href":"https:\/\/zbsa.eu\/en\/wp-json\/wp\/v2\/tribe_events\/7392\/revisions"}],"predecessor-version":[{"id":7397,"href":"https:\/\/zbsa.eu\/en\/wp-json\/wp\/v2\/tribe_events\/7392\/revisions\/7397"}],"wp:attachment":[{"href":"https:\/\/zbsa.eu\/en\/wp-json\/wp\/v2\/media?parent=7392"}],"wp:term":[{"taxonomy":"post_tag","embeddable":true,"href":"https:\/\/zbsa.eu\/en\/wp-json\/wp\/v2\/tags?post=7392"},{"taxonomy":"tribe_events_cat","embeddable":true,"href":"https:\/\/zbsa.eu\/en\/wp-json\/wp\/v2\/tribe_events_cat?post=7392"}],"curies":[{"name":"wp","href":"https:\/\/api.w.org\/{rel}","templated":true}]}}

Alexandra Pesch/Tagung Archäologie Aktuell: „Klimawandel und Pandemie im 6. Jahrhundert aus archäologischer Sicht.

<p>10. September, 19.00 Uhr  Alexandra Pesch/Tagung Archäologie Aktuell, Akademie Sankelmark: „Klimawandel und Pandemie im 6. Jahrhundert aus archäologischer Sicht.</p>

<!-- This site is optimized with the Yoast SEO plugin v24.4 - https://yoast.com/wordpress/plugins/seo/ -->
<title>Alexandra Pesch/Tagung Archäologie Aktuell: „Klimawandel und Pandemie im 6. Jahrhundert aus archäologischer Sicht. - Zentrum für Baltische und Skandinavische Archäologie (ZBSA) — Zentrum für Baltische und Skandinavische Archäologie</title>
<meta name="robots" content="index, follow, max-snippet:-1, max-image-preview:large, max-video-preview:-1" />
<link rel="canonical" href="https://zbsa.eu/en/event/alexandra-pesch-tagung-archaeologie-aktuell-klimawandel-und-pandemie-im-6-jahrhundert-aus-archaeologischer-sicht/" />
<meta property="og:locale" content="en_GB" />
<meta property="og:type" content="article" />
<meta property="og:title" content="Alexandra Pesch/Tagung Archäologie Aktuell: „Klimawandel und Pandemie im 6. Jahrhundert aus archäologischer Sicht. - Zentrum für Baltische und Skandinavische Archäologie (ZBSA) — Zentrum für Baltische und Skandinavische Archäologie" />
<meta property="og:description" content="10. September, 19.00 Uhr  Alexandra Pesch/Tagung Archäologie Aktuell, Akademie Sankelmark: „Klimawandel und Pandemie im 6. Jahrhundert aus archäologischer Sicht." />
<meta property="og:url" content="https://zbsa.eu/en/event/alexandra-pesch-tagung-archaeologie-aktuell-klimawandel-und-pandemie-im-6-jahrhundert-aus-archaeologischer-sicht/" />
<meta property="og:site_name" content="Zentrum für Baltische und Skandinavische Archäologie (ZBSA) — Zentrum für Baltische und Skandinavische Archäologie" />
<meta property="article:modified_time" content="2021-08-24T12:05:07+00:00" />
<meta name="twitter:card" content="summary_large_image" />
<meta name="twitter:label1" content="Estimated reading time" />
	<meta name="twitter:data1" content="1 minute" />
<script type="application/ld+json" class="yoast-schema-graph">{"@context":"https://schema.org","@graph":[{"@type":"WebPage","@id":"https://zbsa.eu/event/alexandra-pesch-tagung-archaeologie-aktuell-klimawandel-und-pandemie-im-6-jahrhundert-aus-archaeologischer-sicht/","url":"https://zbsa.eu/event/alexandra-pesch-tagung-archaeologie-aktuell-klimawandel-und-pandemie-im-6-jahrhundert-aus-archaeologischer-sicht/","name":"Alexandra Pesch/Tagung Archäologie Aktuell: „Klimawandel und Pandemie im 6. Jahrhundert aus archäologischer Sicht. - Zentrum für Baltische und Skandinavische Archäologie (ZBSA) — Zentrum für Baltische und Skandinavische Archäologie","isPartOf":{"@id":"https://zbsa.eu/#website"},"datePublished":"2021-08-24T11:27:05+00:00","dateModified":"2021-08-24T12:05:07+00:00","breadcrumb":{"@id":"https://zbsa.eu/event/alexandra-pesch-tagung-archaeologie-aktuell-klimawandel-und-pandemie-im-6-jahrhundert-aus-archaeologischer-sicht/#breadcrumb"},"inLanguage":"en-GB","potentialAction":[{"@type":"ReadAction","target":["https://zbsa.eu/event/alexandra-pesch-tagung-archaeologie-aktuell-klimawandel-und-pandemie-im-6-jahrhundert-aus-archaeologischer-sicht/"]}]},{"@type":"BreadcrumbList","@id":"https://zbsa.eu/event/alexandra-pesch-tagung-archaeologie-aktuell-klimawandel-und-pandemie-im-6-jahrhundert-aus-archaeologischer-sicht/#breadcrumb","itemListElement":[{"@type":"ListItem","position":1,"name":"Startseite","item":"https://zbsa.eu/"},{"@type":"ListItem","position":2,"name":"Events","item":"https://zbsa.eu/en/events/"},{"@type":"ListItem","position":3,"name":"Vorträge","item":"https://zbsa.eu/events/kategorie/vortraege/"},{"@type":"ListItem","position":4,"name":"Alexandra Pesch/Tagung Archäologie Aktuell: „Klimawandel und Pandemie im 6. Jahrhundert aus archäologischer Sicht."}]},{"@type":"WebSite","@id":"https://zbsa.eu/#website","url":"https://zbsa.eu/","name":"Zentrum für Baltische und Skandinavische Archäologie (ZBSA) — Zentrum für Baltische und Skandinavische Archäologie","description":"","potentialAction":[{"@type":"SearchAction","target":{"@type":"EntryPoint","urlTemplate":"https://zbsa.eu/?s={search_term_string}"},"query-input":{"@type":"PropertyValueSpecification","valueRequired":true,"valueName":"search_term_string"}}],"inLanguage":"en-GB"}]}</script>
<!-- / Yoast SEO plugin. -->

Alexandra Pesch/Tagung Archäologie Aktuell: „Klimawandel und Pandemie im 6. Jahrhundert aus archäologischer Sicht. - Zentrum für Baltische und Skandinavische Archäologie (ZBSA) — Zentrum für Baltische und Skandinavische Archäologie

10. September, 19.00 Uhr  Alexandra Pesch/Tagung Archäologie Aktuell, Akademie Sankelmark: „Klimawandel und Pandemie im 6. Jahrhundert aus archäologischer Sicht.

Zentrum für Baltische und Skandinavische Archäologie (ZBSA) — Zentrum für Baltische und Skandinavische Archäologie

Vorträge
