{"id":7802,"date":"2021-09-29T11:26:33","date_gmt":"2021-09-29T09:26:33","guid":{"rendered":"https:\/\/zbsa.eu\/?post_type=tribe_events&#038;p=7802"},"modified":"2021-09-29T11:56:06","modified_gmt":"2021-09-29T09:56:06","slug":"oliver-grimm-vom-habicht-zum-falken","status":"publish","type":"tribe_events","link":"https:\/\/zbsa.eu\/en\/event\/oliver-grimm-vom-habicht-zum-falken\/","title":{"rendered":"Oliver Grimm: Vom Habicht zum Falken \u2013 1250 Jahre mitteleurop\u00e4ische Falknereigeschichte (500-1750)"},"content":{"rendered":"<p>Vom Habicht zum Falken \u2013 1250 Jahre mitteleurop\u00e4ische Falknereigeschichte (500-1750) (Im Rahmen der Online-Tagung &#8222;Tiere in Stadt und Land&#8220; der Deutschen Gesellschaft f\u00fcr Arch\u00e4ologie des Mittelalters und der Neuzeit, Jena)<\/p>\n","protected":false},"excerpt":{"rendered":"<p>Vom Habicht zum Falken \u2013 1250 Jahre mitteleurop\u00e4ische Falknereigeschichte (500-1750) (Im Rahmen der Online-Tagung &#8222;Tiere in Stadt und Land&#8220; der Deutschen Gesellschaft f\u00fcr Arch\u00e4ologie des Mittelalters und der Neuzeit, Jena)<\/p>\n","protected":false},"author":3,"featured_media":0,"comment_status":"closed","ping_status":"closed","template":"","meta":{"_eb_attr":"","inline_featured_image":false,"_tribe_events_status":"","_tribe_events_status_reason":"","footnotes":""},"tags":[],"tribe_events_cat":[77],"class_list":["post-7802","tribe_events","type-tribe_events","status-publish","hentry","tribe_events_cat-tagung","cat_tagung"],"yoast_head":"<!-- This site is optimized with the Yoast SEO plugin v24.4 - https:\/\/yoast.com\/wordpress\/plugins\/seo\/ -->\n<title>Oliver Grimm: Vom Habicht zum Falken \u2013 1250 Jahre mitteleurop\u00e4ische Falknereigeschichte (500-1750) - Zentrum f\u00fcr Baltische und Skandinavische Arch\u00e4ologie (ZBSA) \u2014 Zentrum f\u00fcr Baltische und Skandinavische Arch\u00e4ologie<\/title>\n<meta name=\"robots\" content=\"index, follow, max-snippet:-1, max-image-preview:large, max-video-preview:-1\" \/>\n<link rel=\"canonical\" href=\"https:\/\/zbsa.eu\/en\/event\/oliver-grimm-vom-habicht-zum-falken\/\" \/>\n<meta property=\"og:locale\" content=\"en_GB\" \/>\n<meta property=\"og:type\" content=\"article\" \/>\n<meta property=\"og:title\" content=\"Oliver Grimm: Vom Habicht zum Falken \u2013 1250 Jahre mitteleurop\u00e4ische Falknereigeschichte (500-1750) - Zentrum f\u00fcr Baltische und Skandinavische Arch\u00e4ologie (ZBSA) \u2014 Zentrum f\u00fcr Baltische und Skandinavische Arch\u00e4ologie\" \/>\n<meta property=\"og:description\" content=\"Vom Habicht zum Falken \u2013 1250 Jahre mitteleurop\u00e4ische Falknereigeschichte (500-1750) (Im Rahmen der Online-Tagung &#8222;Tiere in Stadt und Land&#8220; der Deutschen Gesellschaft f\u00fcr Arch\u00e4ologie des Mittelalters und der Neuzeit, Jena)\" \/>\n<meta property=\"og:url\" content=\"https:\/\/zbsa.eu\/en\/event\/oliver-grimm-vom-habicht-zum-falken\/\" \/>\n<meta property=\"og:site_name\" content=\"Zentrum f\u00fcr Baltische und Skandinavische Arch\u00e4ologie (ZBSA) \u2014 Zentrum f\u00fcr Baltische und Skandinavische Arch\u00e4ologie\" \/>\n<meta property=\"article:modified_time\" content=\"2021-09-29T09:56:06+00:00\" \/>\n<meta name=\"twitter:card\" content=\"summary_large_image\" \/>\n<meta name=\"twitter:label1\" content=\"Estimated reading time\" \/>\n\t<meta name=\"twitter:data1\" content=\"1 minute\" \/>\n<script type=\"application\/ld+json\" class=\"yoast-schema-graph\">{\"@context\":\"https:\/\/schema.org\",\"@graph\":[{\"@type\":\"WebPage\",\"@id\":\"https:\/\/zbsa.eu\/en\/event\/oliver-grimm-vom-habicht-zum-falken\/\",\"url\":\"https:\/\/zbsa.eu\/en\/event\/oliver-grimm-vom-habicht-zum-falken\/\",\"name\":\"Oliver Grimm: Vom Habicht zum Falken \u2013 1250 Jahre mitteleurop\u00e4ische Falknereigeschichte (500-1750) - Zentrum f\u00fcr Baltische und Skandinavische Arch\u00e4ologie (ZBSA) \u2014 Zentrum f\u00fcr Baltische und Skandinavische Arch\u00e4ologie\",\"isPartOf\":{\"@id\":\"https:\/\/zbsa.eu\/#website\"},\"datePublished\":\"2021-09-29T09:26:33+00:00\",\"dateModified\":\"2021-09-29T09:56:06+00:00\",\"breadcrumb\":{\"@id\":\"https:\/\/zbsa.eu\/en\/event\/oliver-grimm-vom-habicht-zum-falken\/#breadcrumb\"},\"inLanguage\":\"en-GB\",\"potentialAction\":[{\"@type\":\"ReadAction\",\"target\":[\"https:\/\/zbsa.eu\/en\/event\/oliver-grimm-vom-habicht-zum-falken\/\"]}]},{\"@type\":\"BreadcrumbList\",\"@id\":\"https:\/\/zbsa.eu\/en\/event\/oliver-grimm-vom-habicht-zum-falken\/#breadcrumb\",\"itemListElement\":[{\"@type\":\"ListItem\",\"position\":1,\"name\":\"Startseite\",\"item\":\"https:\/\/zbsa.eu\/\"},{\"@type\":\"ListItem\",\"position\":2,\"name\":\"Events\",\"item\":\"https:\/\/zbsa.eu\/en\/events\/\"},{\"@type\":\"ListItem\",\"position\":3,\"name\":\"Tagung\",\"item\":\"https:\/\/zbsa.eu\/en\/events\/category\/tagung\/\"},{\"@type\":\"ListItem\",\"position\":4,\"name\":\"Oliver Grimm: Vom Habicht zum Falken \u2013 1250 Jahre mitteleurop\u00e4ische Falknereigeschichte (500-1750)\"}]},{\"@type\":\"WebSite\",\"@id\":\"https:\/\/zbsa.eu\/#website\",\"url\":\"https:\/\/zbsa.eu\/\",\"name\":\"Zentrum f\u00fcr Baltische und Skandinavische Arch\u00e4ologie (ZBSA) \u2014 Zentrum f\u00fcr Baltische und Skandinavische Arch\u00e4ologie\",\"description\":\"\",\"potentialAction\":[{\"@type\":\"SearchAction\",\"target\":{\"@type\":\"EntryPoint\",\"urlTemplate\":\"https:\/\/zbsa.eu\/?s={search_term_string}\"},\"query-input\":{\"@type\":\"PropertyValueSpecification\",\"valueRequired\":true,\"valueName\":\"search_term_string\"}}],\"inLanguage\":\"en-GB\"}]}<\/script>\n<!-- \/ Yoast SEO plugin. -->","yoast_head_json":{"title":"Oliver Grimm: Vom Habicht zum Falken \u2013 1250 Jahre mitteleurop\u00e4ische Falknereigeschichte (500-1750) - Zentrum f\u00fcr Baltische und Skandinavische Arch\u00e4ologie (ZBSA) \u2014 Zentrum f\u00fcr Baltische und Skandinavische Arch\u00e4ologie","robots":{"index":"index","follow":"follow","max-snippet":"max-snippet:-1","max-image-preview":"max-image-preview:large","max-video-preview":"max-video-preview:-1"},"canonical":"https:\/\/zbsa.eu\/en\/event\/oliver-grimm-vom-habicht-zum-falken\/","og_locale":"en_GB","og_type":"article","og_title":"Oliver Grimm: Vom Habicht zum Falken \u2013 1250 Jahre mitteleurop\u00e4ische Falknereigeschichte (500-1750) - Zentrum f\u00fcr Baltische und Skandinavische Arch\u00e4ologie (ZBSA) \u2014 Zentrum f\u00fcr Baltische und Skandinavische Arch\u00e4ologie","og_description":"Vom Habicht zum Falken \u2013 1250 Jahre mitteleurop\u00e4ische Falknereigeschichte (500-1750) (Im Rahmen der Online-Tagung &#8222;Tiere in Stadt und Land&#8220; der Deutschen Gesellschaft f\u00fcr Arch\u00e4ologie des Mittelalters und der Neuzeit, Jena)","og_url":"https:\/\/zbsa.eu\/en\/event\/oliver-grimm-vom-habicht-zum-falken\/","og_site_name":"Zentrum f\u00fcr Baltische und Skandinavische Arch\u00e4ologie (ZBSA) \u2014 Zentrum f\u00fcr Baltische und Skandinavische Arch\u00e4ologie","article_modified_time":"2021-09-29T09:56:06+00:00","twitter_card":"summary_large_image","twitter_misc":{"Estimated reading time":"1 minute"},"schema":{"@context":"https:\/\/schema.org","@graph":[{"@type":"WebPage","@id":"https:\/\/zbsa.eu\/en\/event\/oliver-grimm-vom-habicht-zum-falken\/","url":"https:\/\/zbsa.eu\/en\/event\/oliver-grimm-vom-habicht-zum-falken\/","name":"Oliver Grimm: Vom Habicht zum Falken \u2013 1250 Jahre mitteleurop\u00e4ische Falknereigeschichte (500-1750) - Zentrum f\u00fcr Baltische und Skandinavische Arch\u00e4ologie (ZBSA) \u2014 Zentrum f\u00fcr Baltische und Skandinavische Arch\u00e4ologie","isPartOf":{"@id":"https:\/\/zbsa.eu\/#website"},"datePublished":"2021-09-29T09:26:33+00:00","dateModified":"2021-09-29T09:56:06+00:00","breadcrumb":{"@id":"https:\/\/zbsa.eu\/en\/event\/oliver-grimm-vom-habicht-zum-falken\/#breadcrumb"},"inLanguage":"en-GB","potentialAction":[{"@type":"ReadAction","target":["https:\/\/zbsa.eu\/en\/event\/oliver-grimm-vom-habicht-zum-falken\/"]}]},{"@type":"BreadcrumbList","@id":"https:\/\/zbsa.eu\/en\/event\/oliver-grimm-vom-habicht-zum-falken\/#breadcrumb","itemListElement":[{"@type":"ListItem","position":1,"name":"Startseite","item":"https:\/\/zbsa.eu\/"},{"@type":"ListItem","position":2,"name":"Events","item":"https:\/\/zbsa.eu\/en\/events\/"},{"@type":"ListItem","position":3,"name":"Tagung","item":"https:\/\/zbsa.eu\/en\/events\/category\/tagung\/"},{"@type":"ListItem","position":4,"name":"Oliver Grimm: Vom Habicht zum Falken \u2013 1250 Jahre mitteleurop\u00e4ische Falknereigeschichte (500-1750)"}]},{"@type":"WebSite","@id":"https:\/\/zbsa.eu\/#website","url":"https:\/\/zbsa.eu\/","name":"Zentrum f\u00fcr Baltische und Skandinavische Arch\u00e4ologie (ZBSA) \u2014 Zentrum f\u00fcr Baltische und Skandinavische Arch\u00e4ologie","description":"","potentialAction":[{"@type":"SearchAction","target":{"@type":"EntryPoint","urlTemplate":"https:\/\/zbsa.eu\/?s={search_term_string}"},"query-input":{"@type":"PropertyValueSpecification","valueRequired":true,"valueName":"search_term_string"}}],"inLanguage":"en-GB"}]}},"acf":[],"_links":{"self":[{"href":"https:\/\/zbsa.eu\/en\/wp-json\/wp\/v2\/tribe_events\/7802","targetHints":{"allow":["GET"]}}],"collection":[{"href":"https:\/\/zbsa.eu\/en\/wp-json\/wp\/v2\/tribe_events"}],"about":[{"href":"https:\/\/zbsa.eu\/en\/wp-json\/wp\/v2\/types\/tribe_events"}],"author":[{"embeddable":true,"href":"https:\/\/zbsa.eu\/en\/wp-json\/wp\/v2\/users\/3"}],"replies":[{"embeddable":true,"href":"https:\/\/zbsa.eu\/en\/wp-json\/wp\/v2\/comments?post=7802"}],"version-history":[{"count":4,"href":"https:\/\/zbsa.eu\/en\/wp-json\/wp\/v2\/tribe_events\/7802\/revisions"}],"predecessor-version":[{"id":7806,"href":"https:\/\/zbsa.eu\/en\/wp-json\/wp\/v2\/tribe_events\/7802\/revisions\/7806"}],"wp:attachment":[{"href":"https:\/\/zbsa.eu\/en\/wp-json\/wp\/v2\/media?parent=7802"}],"wp:term":[{"taxonomy":"post_tag","embeddable":true,"href":"https:\/\/zbsa.eu\/en\/wp-json\/wp\/v2\/tags?post=7802"},{"taxonomy":"tribe_events_cat","embeddable":true,"href":"https:\/\/zbsa.eu\/en\/wp-json\/wp\/v2\/tribe_events_cat?post=7802"}],"curies":[{"name":"wp","href":"https:\/\/api.w.org\/{rel}","templated":true}]}}

Oliver Grimm: Vom Habicht zum Falken – 1250 Jahre mitteleuropäische Falknereigeschichte (500-1750)

<p>Vom Habicht zum Falken – 1250 Jahre mitteleuropäische Falknereigeschichte (500-1750) (Im Rahmen der Online-Tagung &#8222;Tiere in Stadt und Land&#8220; der Deutschen Gesellschaft für Archäologie des Mittelalters und der Neuzeit, Jena)</p>

<!-- This site is optimized with the Yoast SEO plugin v24.4 - https://yoast.com/wordpress/plugins/seo/ -->
<title>Oliver Grimm: Vom Habicht zum Falken – 1250 Jahre mitteleuropäische Falknereigeschichte (500-1750) - Zentrum für Baltische und Skandinavische Archäologie (ZBSA) — Zentrum für Baltische und Skandinavische Archäologie</title>
<meta name="robots" content="index, follow, max-snippet:-1, max-image-preview:large, max-video-preview:-1" />
<link rel="canonical" href="https://zbsa.eu/en/event/oliver-grimm-vom-habicht-zum-falken/" />
<meta property="og:locale" content="en_GB" />
<meta property="og:type" content="article" />
<meta property="og:title" content="Oliver Grimm: Vom Habicht zum Falken – 1250 Jahre mitteleuropäische Falknereigeschichte (500-1750) - Zentrum für Baltische und Skandinavische Archäologie (ZBSA) — Zentrum für Baltische und Skandinavische Archäologie" />
<meta property="og:description" content="Vom Habicht zum Falken – 1250 Jahre mitteleuropäische Falknereigeschichte (500-1750) (Im Rahmen der Online-Tagung &#8222;Tiere in Stadt und Land&#8220; der Deutschen Gesellschaft für Archäologie des Mittelalters und der Neuzeit, Jena)" />
<meta property="og:url" content="https://zbsa.eu/en/event/oliver-grimm-vom-habicht-zum-falken/" />
<meta property="og:site_name" content="Zentrum für Baltische und Skandinavische Archäologie (ZBSA) — Zentrum für Baltische und Skandinavische Archäologie" />
<meta property="article:modified_time" content="2021-09-29T09:56:06+00:00" />
<meta name="twitter:card" content="summary_large_image" />
<meta name="twitter:label1" content="Estimated reading time" />
	<meta name="twitter:data1" content="1 minute" />
<script type="application/ld+json" class="yoast-schema-graph">{"@context":"https://schema.org","@graph":[{"@type":"WebPage","@id":"https://zbsa.eu/en/event/oliver-grimm-vom-habicht-zum-falken/","url":"https://zbsa.eu/en/event/oliver-grimm-vom-habicht-zum-falken/","name":"Oliver Grimm: Vom Habicht zum Falken – 1250 Jahre mitteleuropäische Falknereigeschichte (500-1750) - Zentrum für Baltische und Skandinavische Archäologie (ZBSA) — Zentrum für Baltische und Skandinavische Archäologie","isPartOf":{"@id":"https://zbsa.eu/#website"},"datePublished":"2021-09-29T09:26:33+00:00","dateModified":"2021-09-29T09:56:06+00:00","breadcrumb":{"@id":"https://zbsa.eu/en/event/oliver-grimm-vom-habicht-zum-falken/#breadcrumb"},"inLanguage":"en-GB","potentialAction":[{"@type":"ReadAction","target":["https://zbsa.eu/en/event/oliver-grimm-vom-habicht-zum-falken/"]}]},{"@type":"BreadcrumbList","@id":"https://zbsa.eu/en/event/oliver-grimm-vom-habicht-zum-falken/#breadcrumb","itemListElement":[{"@type":"ListItem","position":1,"name":"Startseite","item":"https://zbsa.eu/"},{"@type":"ListItem","position":2,"name":"Events","item":"https://zbsa.eu/en/events/"},{"@type":"ListItem","position":3,"name":"Tagung","item":"https://zbsa.eu/en/events/category/tagung/"},{"@type":"ListItem","position":4,"name":"Oliver Grimm: Vom Habicht zum Falken – 1250 Jahre mitteleuropäische Falknereigeschichte (500-1750)"}]},{"@type":"WebSite","@id":"https://zbsa.eu/#website","url":"https://zbsa.eu/","name":"Zentrum für Baltische und Skandinavische Archäologie (ZBSA) — Zentrum für Baltische und Skandinavische Archäologie","description":"","potentialAction":[{"@type":"SearchAction","target":{"@type":"EntryPoint","urlTemplate":"https://zbsa.eu/?s={search_term_string}"},"query-input":{"@type":"PropertyValueSpecification","valueRequired":true,"valueName":"search_term_string"}}],"inLanguage":"en-GB"}]}</script>
<!-- / Yoast SEO plugin. -->

Oliver Grimm: Vom Habicht zum Falken – 1250 Jahre mitteleuropäische Falknereigeschichte (500-1750) - Zentrum für Baltische und Skandinavische Archäologie (ZBSA) — Zentrum für Baltische und Skandinavische Archäologie

Vom Habicht zum Falken – 1250 Jahre mitteleuropäische Falknereigeschichte (500-1750) (Im Rahmen der Online-Tagung &#8222;Tiere in Stadt und Land&#8220; der Deutschen Gesellschaft für Archäologie des Mittelalters und der Neuzeit, Jena)

Zentrum für Baltische und Skandinavische Archäologie (ZBSA) — Zentrum für Baltische und Skandinavische Archäologie
