{"id":9450,"date":"2022-02-07T09:37:09","date_gmt":"2022-02-07T08:37:09","guid":{"rendered":"https:\/\/zbsa.eu\/?post_type=tribe_events&#038;p=9450"},"modified":"2022-02-07T09:37:09","modified_gmt":"2022-02-07T08:37:09","slug":"klimakrise-und-pandemie-des-6-jahrhunderts-im-spiegel-von-bildkunst-und-archaeologie-nordeuropas","status":"publish","type":"tribe_events","link":"https:\/\/zbsa.eu\/en\/event\/klimakrise-und-pandemie-des-6-jahrhunderts-im-spiegel-von-bildkunst-und-archaeologie-nordeuropas\/","title":{"rendered":"Klimakrise und Pandemie des 6. Jahrhunderts im Spiegel von Bildkunst und Arch\u00e4ologie Nordeuropas."},"content":{"rendered":"<p>Vortrag <strong>Alexandra Pesch<\/strong> im Rahmen der der Veranstaltung: Klimakrise und Pandemie des 6. Jahrhunderts im Spiegel von Bildkunst und Arch\u00e4ologie Nordeuropas.<\/p>\n<p>Gastgeberin: Prof. Dr. Fl\u00fcckiger, Universit\u00e4t Basel, Departement Altertumswissenschaften, Ur- und Fr\u00fchgeschichtliche und Provinzialr\u00f6mische Arch\u00e4ologie, \u201eKr\u00e4nzli\u201c<\/p>\n","protected":false},"excerpt":{"rendered":"<p>Vortrag Alexandra Pesch im Rahmen der der Veranstaltung: Klimakrise und Pandemie des 6. Jahrhunderts im Spiegel von Bildkunst und Arch\u00e4ologie Nordeuropas. Gastgeberin: Prof. Dr. Fl\u00fcckiger, Universit\u00e4t Basel, Departement Altertumswissenschaften, Ur- und Fr\u00fchgeschichtliche und Provinzialr\u00f6mische Arch\u00e4ologie, \u201eKr\u00e4nzli\u201c<\/p>\n","protected":false},"author":3,"featured_media":0,"comment_status":"closed","ping_status":"closed","template":"","meta":{"_eb_attr":"","inline_featured_image":false,"_tribe_events_status":"","_tribe_events_status_reason":"","footnotes":""},"tags":[],"tribe_events_cat":[71],"class_list":["post-9450","tribe_events","type-tribe_events","status-publish","hentry","tribe_events_cat-vortraege","cat_vortraege"],"yoast_head":"<!-- This site is optimized with the Yoast SEO plugin v24.4 - https:\/\/yoast.com\/wordpress\/plugins\/seo\/ -->\n<title>Klimakrise und Pandemie des 6. Jahrhunderts im Spiegel von Bildkunst und Arch\u00e4ologie Nordeuropas. - Zentrum f\u00fcr Baltische und Skandinavische Arch\u00e4ologie (ZBSA) \u2014 Zentrum f\u00fcr Baltische und Skandinavische Arch\u00e4ologie<\/title>\n<meta name=\"robots\" content=\"index, follow, max-snippet:-1, max-image-preview:large, max-video-preview:-1\" \/>\n<link rel=\"canonical\" href=\"https:\/\/zbsa.eu\/en\/event\/klimakrise-und-pandemie-des-6-jahrhunderts-im-spiegel-von-bildkunst-und-archaeologie-nordeuropas\/\" \/>\n<meta property=\"og:locale\" content=\"en_GB\" \/>\n<meta property=\"og:type\" content=\"article\" \/>\n<meta property=\"og:title\" content=\"Klimakrise und Pandemie des 6. Jahrhunderts im Spiegel von Bildkunst und Arch\u00e4ologie Nordeuropas. - Zentrum f\u00fcr Baltische und Skandinavische Arch\u00e4ologie (ZBSA) \u2014 Zentrum f\u00fcr Baltische und Skandinavische Arch\u00e4ologie\" \/>\n<meta property=\"og:description\" content=\"Vortrag Alexandra Pesch im Rahmen der der Veranstaltung: Klimakrise und Pandemie des 6. Jahrhunderts im Spiegel von Bildkunst und Arch\u00e4ologie Nordeuropas. Gastgeberin: Prof. Dr. Fl\u00fcckiger, Universit\u00e4t Basel, Departement Altertumswissenschaften, Ur- und Fr\u00fchgeschichtliche und Provinzialr\u00f6mische Arch\u00e4ologie, \u201eKr\u00e4nzli\u201c\" \/>\n<meta property=\"og:url\" content=\"https:\/\/zbsa.eu\/en\/event\/klimakrise-und-pandemie-des-6-jahrhunderts-im-spiegel-von-bildkunst-und-archaeologie-nordeuropas\/\" \/>\n<meta property=\"og:site_name\" content=\"Zentrum f\u00fcr Baltische und Skandinavische Arch\u00e4ologie (ZBSA) \u2014 Zentrum f\u00fcr Baltische und Skandinavische Arch\u00e4ologie\" \/>\n<meta name=\"twitter:card\" content=\"summary_large_image\" \/>\n<script type=\"application\/ld+json\" class=\"yoast-schema-graph\">{\"@context\":\"https:\/\/schema.org\",\"@graph\":[{\"@type\":\"WebPage\",\"@id\":\"https:\/\/zbsa.eu\/event\/klimakrise-und-pandemie-des-6-jahrhunderts-im-spiegel-von-bildkunst-und-archaeologie-nordeuropas\/\",\"url\":\"https:\/\/zbsa.eu\/event\/klimakrise-und-pandemie-des-6-jahrhunderts-im-spiegel-von-bildkunst-und-archaeologie-nordeuropas\/\",\"name\":\"Klimakrise und Pandemie des 6. Jahrhunderts im Spiegel von Bildkunst und Arch\u00e4ologie Nordeuropas. - Zentrum f\u00fcr Baltische und Skandinavische Arch\u00e4ologie (ZBSA) \u2014 Zentrum f\u00fcr Baltische und Skandinavische Arch\u00e4ologie\",\"isPartOf\":{\"@id\":\"https:\/\/zbsa.eu\/#website\"},\"datePublished\":\"2022-02-07T08:37:09+00:00\",\"breadcrumb\":{\"@id\":\"https:\/\/zbsa.eu\/event\/klimakrise-und-pandemie-des-6-jahrhunderts-im-spiegel-von-bildkunst-und-archaeologie-nordeuropas\/#breadcrumb\"},\"inLanguage\":\"en-GB\",\"potentialAction\":[{\"@type\":\"ReadAction\",\"target\":[\"https:\/\/zbsa.eu\/event\/klimakrise-und-pandemie-des-6-jahrhunderts-im-spiegel-von-bildkunst-und-archaeologie-nordeuropas\/\"]}]},{\"@type\":\"BreadcrumbList\",\"@id\":\"https:\/\/zbsa.eu\/event\/klimakrise-und-pandemie-des-6-jahrhunderts-im-spiegel-von-bildkunst-und-archaeologie-nordeuropas\/#breadcrumb\",\"itemListElement\":[{\"@type\":\"ListItem\",\"position\":1,\"name\":\"Startseite\",\"item\":\"https:\/\/zbsa.eu\/\"},{\"@type\":\"ListItem\",\"position\":2,\"name\":\"Events\",\"item\":\"https:\/\/zbsa.eu\/en\/events\/\"},{\"@type\":\"ListItem\",\"position\":3,\"name\":\"Vortr\u00e4ge\",\"item\":\"https:\/\/zbsa.eu\/events\/kategorie\/vortraege\/\"},{\"@type\":\"ListItem\",\"position\":4,\"name\":\"Klimakrise und Pandemie des 6. Jahrhunderts im Spiegel von Bildkunst und Arch\u00e4ologie Nordeuropas.\"}]},{\"@type\":\"WebSite\",\"@id\":\"https:\/\/zbsa.eu\/#website\",\"url\":\"https:\/\/zbsa.eu\/\",\"name\":\"Zentrum f\u00fcr Baltische und Skandinavische Arch\u00e4ologie (ZBSA) \u2014 Zentrum f\u00fcr Baltische und Skandinavische Arch\u00e4ologie\",\"description\":\"\",\"potentialAction\":[{\"@type\":\"SearchAction\",\"target\":{\"@type\":\"EntryPoint\",\"urlTemplate\":\"https:\/\/zbsa.eu\/?s={search_term_string}\"},\"query-input\":{\"@type\":\"PropertyValueSpecification\",\"valueRequired\":true,\"valueName\":\"search_term_string\"}}],\"inLanguage\":\"en-GB\"}]}<\/script>\n<!-- \/ Yoast SEO plugin. -->","yoast_head_json":{"title":"Klimakrise und Pandemie des 6. Jahrhunderts im Spiegel von Bildkunst und Arch\u00e4ologie Nordeuropas. - Zentrum f\u00fcr Baltische und Skandinavische Arch\u00e4ologie (ZBSA) \u2014 Zentrum f\u00fcr Baltische und Skandinavische Arch\u00e4ologie","robots":{"index":"index","follow":"follow","max-snippet":"max-snippet:-1","max-image-preview":"max-image-preview:large","max-video-preview":"max-video-preview:-1"},"canonical":"https:\/\/zbsa.eu\/en\/event\/klimakrise-und-pandemie-des-6-jahrhunderts-im-spiegel-von-bildkunst-und-archaeologie-nordeuropas\/","og_locale":"en_GB","og_type":"article","og_title":"Klimakrise und Pandemie des 6. Jahrhunderts im Spiegel von Bildkunst und Arch\u00e4ologie Nordeuropas. - Zentrum f\u00fcr Baltische und Skandinavische Arch\u00e4ologie (ZBSA) \u2014 Zentrum f\u00fcr Baltische und Skandinavische Arch\u00e4ologie","og_description":"Vortrag Alexandra Pesch im Rahmen der der Veranstaltung: Klimakrise und Pandemie des 6. Jahrhunderts im Spiegel von Bildkunst und Arch\u00e4ologie Nordeuropas. Gastgeberin: Prof. Dr. Fl\u00fcckiger, Universit\u00e4t Basel, Departement Altertumswissenschaften, Ur- und Fr\u00fchgeschichtliche und Provinzialr\u00f6mische Arch\u00e4ologie, \u201eKr\u00e4nzli\u201c","og_url":"https:\/\/zbsa.eu\/en\/event\/klimakrise-und-pandemie-des-6-jahrhunderts-im-spiegel-von-bildkunst-und-archaeologie-nordeuropas\/","og_site_name":"Zentrum f\u00fcr Baltische und Skandinavische Arch\u00e4ologie (ZBSA) \u2014 Zentrum f\u00fcr Baltische und Skandinavische Arch\u00e4ologie","twitter_card":"summary_large_image","schema":{"@context":"https:\/\/schema.org","@graph":[{"@type":"WebPage","@id":"https:\/\/zbsa.eu\/event\/klimakrise-und-pandemie-des-6-jahrhunderts-im-spiegel-von-bildkunst-und-archaeologie-nordeuropas\/","url":"https:\/\/zbsa.eu\/event\/klimakrise-und-pandemie-des-6-jahrhunderts-im-spiegel-von-bildkunst-und-archaeologie-nordeuropas\/","name":"Klimakrise und Pandemie des 6. Jahrhunderts im Spiegel von Bildkunst und Arch\u00e4ologie Nordeuropas. - Zentrum f\u00fcr Baltische und Skandinavische Arch\u00e4ologie (ZBSA) \u2014 Zentrum f\u00fcr Baltische und Skandinavische Arch\u00e4ologie","isPartOf":{"@id":"https:\/\/zbsa.eu\/#website"},"datePublished":"2022-02-07T08:37:09+00:00","breadcrumb":{"@id":"https:\/\/zbsa.eu\/event\/klimakrise-und-pandemie-des-6-jahrhunderts-im-spiegel-von-bildkunst-und-archaeologie-nordeuropas\/#breadcrumb"},"inLanguage":"en-GB","potentialAction":[{"@type":"ReadAction","target":["https:\/\/zbsa.eu\/event\/klimakrise-und-pandemie-des-6-jahrhunderts-im-spiegel-von-bildkunst-und-archaeologie-nordeuropas\/"]}]},{"@type":"BreadcrumbList","@id":"https:\/\/zbsa.eu\/event\/klimakrise-und-pandemie-des-6-jahrhunderts-im-spiegel-von-bildkunst-und-archaeologie-nordeuropas\/#breadcrumb","itemListElement":[{"@type":"ListItem","position":1,"name":"Startseite","item":"https:\/\/zbsa.eu\/"},{"@type":"ListItem","position":2,"name":"Events","item":"https:\/\/zbsa.eu\/en\/events\/"},{"@type":"ListItem","position":3,"name":"Vortr\u00e4ge","item":"https:\/\/zbsa.eu\/events\/kategorie\/vortraege\/"},{"@type":"ListItem","position":4,"name":"Klimakrise und Pandemie des 6. Jahrhunderts im Spiegel von Bildkunst und Arch\u00e4ologie Nordeuropas."}]},{"@type":"WebSite","@id":"https:\/\/zbsa.eu\/#website","url":"https:\/\/zbsa.eu\/","name":"Zentrum f\u00fcr Baltische und Skandinavische Arch\u00e4ologie (ZBSA) \u2014 Zentrum f\u00fcr Baltische und Skandinavische Arch\u00e4ologie","description":"","potentialAction":[{"@type":"SearchAction","target":{"@type":"EntryPoint","urlTemplate":"https:\/\/zbsa.eu\/?s={search_term_string}"},"query-input":{"@type":"PropertyValueSpecification","valueRequired":true,"valueName":"search_term_string"}}],"inLanguage":"en-GB"}]}},"acf":[],"_links":{"self":[{"href":"https:\/\/zbsa.eu\/en\/wp-json\/wp\/v2\/tribe_events\/9450","targetHints":{"allow":["GET"]}}],"collection":[{"href":"https:\/\/zbsa.eu\/en\/wp-json\/wp\/v2\/tribe_events"}],"about":[{"href":"https:\/\/zbsa.eu\/en\/wp-json\/wp\/v2\/types\/tribe_events"}],"author":[{"embeddable":true,"href":"https:\/\/zbsa.eu\/en\/wp-json\/wp\/v2\/users\/3"}],"replies":[{"embeddable":true,"href":"https:\/\/zbsa.eu\/en\/wp-json\/wp\/v2\/comments?post=9450"}],"version-history":[{"count":1,"href":"https:\/\/zbsa.eu\/en\/wp-json\/wp\/v2\/tribe_events\/9450\/revisions"}],"predecessor-version":[{"id":9451,"href":"https:\/\/zbsa.eu\/en\/wp-json\/wp\/v2\/tribe_events\/9450\/revisions\/9451"}],"wp:attachment":[{"href":"https:\/\/zbsa.eu\/en\/wp-json\/wp\/v2\/media?parent=9450"}],"wp:term":[{"taxonomy":"post_tag","embeddable":true,"href":"https:\/\/zbsa.eu\/en\/wp-json\/wp\/v2\/tags?post=9450"},{"taxonomy":"tribe_events_cat","embeddable":true,"href":"https:\/\/zbsa.eu\/en\/wp-json\/wp\/v2\/tribe_events_cat?post=9450"}],"curies":[{"name":"wp","href":"https:\/\/api.w.org\/{rel}","templated":true}]}}

Klimakrise und Pandemie des 6. Jahrhunderts im Spiegel von Bildkunst und Archäologie Nordeuropas.

<p>Vortrag <strong>Alexandra Pesch</strong> im Rahmen der der Veranstaltung: Klimakrise und Pandemie des 6. Jahrhunderts im Spiegel von Bildkunst und Archäologie Nordeuropas.</p>
<p>Gastgeberin: Prof. Dr. Flückiger, Universität Basel, Departement Altertumswissenschaften, Ur- und Frühgeschichtliche und Provinzialrömische Archäologie, „Kränzli“</p>

<p>Vortrag Alexandra Pesch im Rahmen der der Veranstaltung: Klimakrise und Pandemie des 6. Jahrhunderts im Spiegel von Bildkunst und Archäologie Nordeuropas. Gastgeberin: Prof. Dr. Flückiger, Universität Basel, Departement Altertumswissenschaften, Ur- und Frühgeschichtliche und Provinzialrömische Archäologie, „Kränzli“</p>

<!-- This site is optimized with the Yoast SEO plugin v24.4 - https://yoast.com/wordpress/plugins/seo/ -->
<title>Klimakrise und Pandemie des 6. Jahrhunderts im Spiegel von Bildkunst und Archäologie Nordeuropas. - Zentrum für Baltische und Skandinavische Archäologie (ZBSA) — Zentrum für Baltische und Skandinavische Archäologie</title>
<meta name="robots" content="index, follow, max-snippet:-1, max-image-preview:large, max-video-preview:-1" />
<link rel="canonical" href="https://zbsa.eu/en/event/klimakrise-und-pandemie-des-6-jahrhunderts-im-spiegel-von-bildkunst-und-archaeologie-nordeuropas/" />
<meta property="og:locale" content="en_GB" />
<meta property="og:type" content="article" />
<meta property="og:title" content="Klimakrise und Pandemie des 6. Jahrhunderts im Spiegel von Bildkunst und Archäologie Nordeuropas. - Zentrum für Baltische und Skandinavische Archäologie (ZBSA) — Zentrum für Baltische und Skandinavische Archäologie" />
<meta property="og:description" content="Vortrag Alexandra Pesch im Rahmen der der Veranstaltung: Klimakrise und Pandemie des 6. Jahrhunderts im Spiegel von Bildkunst und Archäologie Nordeuropas. Gastgeberin: Prof. Dr. Flückiger, Universität Basel, Departement Altertumswissenschaften, Ur- und Frühgeschichtliche und Provinzialrömische Archäologie, „Kränzli“" />
<meta property="og:url" content="https://zbsa.eu/en/event/klimakrise-und-pandemie-des-6-jahrhunderts-im-spiegel-von-bildkunst-und-archaeologie-nordeuropas/" />
<meta property="og:site_name" content="Zentrum für Baltische und Skandinavische Archäologie (ZBSA) — Zentrum für Baltische und Skandinavische Archäologie" />
<meta name="twitter:card" content="summary_large_image" />
<script type="application/ld+json" class="yoast-schema-graph">{"@context":"https://schema.org","@graph":[{"@type":"WebPage","@id":"https://zbsa.eu/event/klimakrise-und-pandemie-des-6-jahrhunderts-im-spiegel-von-bildkunst-und-archaeologie-nordeuropas/","url":"https://zbsa.eu/event/klimakrise-und-pandemie-des-6-jahrhunderts-im-spiegel-von-bildkunst-und-archaeologie-nordeuropas/","name":"Klimakrise und Pandemie des 6. Jahrhunderts im Spiegel von Bildkunst und Archäologie Nordeuropas. - Zentrum für Baltische und Skandinavische Archäologie (ZBSA) — Zentrum für Baltische und Skandinavische Archäologie","isPartOf":{"@id":"https://zbsa.eu/#website"},"datePublished":"2022-02-07T08:37:09+00:00","breadcrumb":{"@id":"https://zbsa.eu/event/klimakrise-und-pandemie-des-6-jahrhunderts-im-spiegel-von-bildkunst-und-archaeologie-nordeuropas/#breadcrumb"},"inLanguage":"en-GB","potentialAction":[{"@type":"ReadAction","target":["https://zbsa.eu/event/klimakrise-und-pandemie-des-6-jahrhunderts-im-spiegel-von-bildkunst-und-archaeologie-nordeuropas/"]}]},{"@type":"BreadcrumbList","@id":"https://zbsa.eu/event/klimakrise-und-pandemie-des-6-jahrhunderts-im-spiegel-von-bildkunst-und-archaeologie-nordeuropas/#breadcrumb","itemListElement":[{"@type":"ListItem","position":1,"name":"Startseite","item":"https://zbsa.eu/"},{"@type":"ListItem","position":2,"name":"Events","item":"https://zbsa.eu/en/events/"},{"@type":"ListItem","position":3,"name":"Vorträge","item":"https://zbsa.eu/events/kategorie/vortraege/"},{"@type":"ListItem","position":4,"name":"Klimakrise und Pandemie des 6. Jahrhunderts im Spiegel von Bildkunst und Archäologie Nordeuropas."}]},{"@type":"WebSite","@id":"https://zbsa.eu/#website","url":"https://zbsa.eu/","name":"Zentrum für Baltische und Skandinavische Archäologie (ZBSA) — Zentrum für Baltische und Skandinavische Archäologie","description":"","potentialAction":[{"@type":"SearchAction","target":{"@type":"EntryPoint","urlTemplate":"https://zbsa.eu/?s={search_term_string}"},"query-input":{"@type":"PropertyValueSpecification","valueRequired":true,"valueName":"search_term_string"}}],"inLanguage":"en-GB"}]}</script>
<!-- / Yoast SEO plugin. -->

Klimakrise und Pandemie des 6. Jahrhunderts im Spiegel von Bildkunst und Archäologie Nordeuropas. - Zentrum für Baltische und Skandinavische Archäologie (ZBSA) — Zentrum für Baltische und Skandinavische Archäologie

Vortrag Alexandra Pesch im Rahmen der der Veranstaltung: Klimakrise und Pandemie des 6. Jahrhunderts im Spiegel von Bildkunst und Archäologie Nordeuropas. Gastgeberin: Prof. Dr. Flückiger, Universität Basel, Departement Altertumswissenschaften, Ur- und Frühgeschichtliche und Provinzialrömische Archäologie, „Kränzli“

Zentrum für Baltische und Skandinavische Archäologie (ZBSA) — Zentrum für Baltische und Skandinavische Archäologie

Vorträge
